st common divisor of c and 44.
22
Let k = -53 + 95. Suppose -5*d + 4*p = p - k, 8 = 4*d + 4*p. Let l be 9/(d/9*6 + -3). What is the highest common divisor of l and 81?
9
Let n(k) = -k**3 + 25*k**2 - 25*k + 35. Let i be n(24). Suppose -i*j = -25*j + 252. What is the highest common factor of j and 225?
9
Suppose 12469 = 123*a - 7211. Suppose 5*g = 4*p - 5, p + 0*p - 3*g + 4 = 0. Suppose 0 = p*c - 8 - 42. What is the greatest common factor of a and c?
10
Let z = 6301 + -3925. What is the highest common divisor of 324 and z?
108
Let u = -17896 + 18474. Calculate the greatest common divisor of u and 272.
34
Suppose 2*a + 3*w - 599 = 0, -1 = -3*w - 22. Let p = -17 - -27. What is the greatest common divisor of p and a?
10
Let d = 3244 - 2866. Calculate the highest common factor of 28 and d.
14
Let r = 1889 + -1297. Let w = r - 517. What is the highest common divisor of w and 75?
75
Let i = -30 - -290. Suppose 0 = -5*f + i + 490. Calculate the greatest common divisor of f and 30.
30
Let i(y) = 4*y**2 - 38*y - 122. Let b be i(-11). What is the highest common factor of 26 and b?
26
Let q = 18915 + -18852. Calculate the greatest common factor of 549 and q.
9
Let h = -282 - -59. Let d = h + 364. What is the greatest common divisor of 94 and d?
47
Let g = -15014 - -15054. Calculate the highest common divisor of g and 2560.
40
Let k be 16 + (-14 + 11)/3. Calculate the highest common factor of k and 250.
5
Let x be (1/(-1))/((-7)/(25 - 4)). Suppose -q - 2*q + 195 = -5*m, -x*q = -m - 207. What is the highest common factor of q and 42?
14
Suppose -2*w + 15*w = 156. Suppose 11*t - w = 32. What is the greatest common divisor of 172 and t?
4
Let f(p) = -12*p - 8. Let i be f(-12). Let g = -344 - -346. Suppose -6*c + g*c = -i. What is the highest common divisor of c and 170?
34
Let k be (0 - 3)/(6/(-68)). Let b be (k/(-6) - -5)/(4/(-54)). What is the greatest common factor of 27 and b?
9
Let b be (-41)/(-9 - 88/(-11)). Calculate the highest common factor of b and 6847.
41
Suppose 5*k = -1399 + 19. Let m = 321 + k. What is the highest common factor of 30 and m?
15
Suppose 4*c = -d - 0*d + 59, 5*d + c - 352 = 0. Let n = d - -8. Let s = n + -45. Calculate the greatest common divisor of 85 and s.
17
Suppose -40*s = 409 - 1729. Suppose -30*d = -14*d - 176. What is the highest common divisor of s and d?
11
Let f = 8870 - 8842. What is the highest common divisor of 820 and f?
4
Let g = 427 + -359. Let c be -1 + 2 - 2 - (13 - g). What is the greatest common factor of c and 72?
18
Suppose -3*b - 2 = -4*s + 28, -6 = -s + b. Let u(p) = 2*p**2 - 9*p - 2. Let c be u(6). What is the greatest common factor of s and c?
4
Let l(c) = -35 - 46 + 99 + c. Let j be l(-6). What is the highest common factor of 48 and j?
12
Suppose -14 = 2*h, 54115 = 3*c - 2*h - 6454. Calculate the greatest common divisor of c and 5.
5
Let u = 12256 + -10814. Calculate the greatest common divisor of 2 and u.
2
Let f(j) = -j**3 - 6*j**2 - 6*j - 12. Let s be f(-6). Let d be (s/(-9))/((-15)/180). Calculate the highest common factor of d and 64.
32
Let i = 107 - 24. Suppose -82*t = -i*t + 59. Calculate the greatest common divisor of 59 and t.
59
Suppose s = 5*k + 8, -2*k = 2*s - 3*k - 16. Let h be (-6 + 4)/(s/(-3) - -2). Suppose h*a = 9 + 60. Calculate the greatest common factor of 23 and a.
23
Suppose g + 3*p = -3 - 5, -5*g = -4*p + 78. Let c(k) = -k**2 - 17*k - 10. Let f be c(g). Calculate the greatest common factor of 80 and f.
16
Let l = 168 + -168. Suppose 957 = 3*q + 2*q + u, 4*q + 3*u - 759 = l. What is the greatest common factor of q and 3?
3
Suppose -33 = -g - 2*a, 173*g - 93 = 170*g - 3*a. Calculate the greatest common factor of g and 203.
29
Let p(j) be the third derivative of j**6/120 + 11*j**5/30 - j**4/24 - 2*j**3 - j**2 + 80*j. Let i be p(-22). Calculate the highest common factor of 6 and i.
2
Let c = 11837 + -11377. Calculate the greatest common factor of 600 and c.
20
Let l be (-1 - -2)*(0 + 0). Suppose -4*s - s + 60 = l. Suppose -67*t + 2066 = 1530. What is the highest common divisor of s and t?
4
Let i be 27/36*(220/1 - -4). Let l = -87 - -199. What is the greatest common factor of l and i?
56
Let i be (38/(-4))/(1/(-4)). Suppose 2*c - 95 = -5*d, -2*d + 139*c = 138*c - 38. Calculate the greatest common factor of d and i.
19
Let v(b) = 246*b + 494. Let f be v(-2). Calculate the highest common divisor of f and 2364.
2
Let f be (2*8/4)/((-2)/(-2)). Suppose f*v + 80 = 108. What is the highest common factor of 175 and v?
7
Let w be ((-26)/42 - (-1)/3)/((-12)/3444). Calculate the highest common divisor of w and 1271.
41
Let v = 866 - 325. Let q = v + -538. Calculate the greatest common divisor of 69 and q.
3
Suppose 3*h = 2*t - 17, 0*t = 3*t + 4*h - 17. Suppose -t*n = -187 - 93. What is the highest common divisor of n and 20?
20
Let x(b) = 3*b + 421. Let t be x(-42). What is the highest common divisor of t and 1121?
59
Let o = 5010 + -4399. What is the highest common divisor of 423 and o?
47
Let m(b) = -2*b**2 + 18*b + 48*b - 3*b**2 - 12 - 18*b. Let u be m(8). What is the greatest common divisor of u and 65?
13
Let l be 472*((-6)/(-9))/(8/6). Let n = 171 + -112. What is the greatest common factor of n and l?
59
Suppose -4*k + 9*k = -p + 6, -3 = -2*p - k. Let o be (30*p)/(58/203). Calculate the highest common divisor of o and 245.
35
Let n(s) = 6*s - 67. Let o be n(12). Suppose -2*h + 440 = 2*y, -2*h + 582 = o*y - 509. Calculate the greatest common divisor of y and 7.
7
Let r be (24/14)/4 - 7268/(-28). Let c be 1*9/(-18)*-390. What is the greatest common factor of c and r?
65
Let w(t) = 47*t - 276. Let c be w(6). What is the greatest common factor of 230 and c?
2
Suppose 22*s - 23*s + 2 = 0. Suppose -1 = -q, 0*h + s*h = q + 239. Calculate the greatest common divisor of h and 30.
30
Let d = 30163 - 30123. What is the highest common factor of 1580 and d?
20
Suppose -3*h = -2*h - 1081. Let k be 1/(-2)*-6*(88 - (-1302)/(-18)). What is the highest common divisor of h and k?
47
Let m be (0 - 1)*(-101 - 188). Let p = -8 - -25. Calculate the highest common divisor of p and m.
17
Let r(t) = -6*t**2 + 71*t + 9. Let w be r(12). Let m be w*2/(-24) + 17461/76. Calculate the greatest common factor of m and 20.
10
Let h = -40 + 46. Suppose 2*w + 53 = h*c - 3*c, 2*w = 2*c - 36. Let b be -3 - 173/((-5)/5). What is the greatest common divisor of b and c?
17
Let c = -30 - -102. Let w = -7 - -19. Let u = w + 42. Calculate the greatest common factor of u and c.
18
Let m be 6302880/1440 - (5/(-2) - 4/(-8)). What is the highest common divisor of 906 and m?
151
Let o(t) = 3*t**2 + 51*t + 48. Let k be o(-16). Let f = 12 + 2. Suppose -5*j + 6 + f = k. Calculate the highest common factor of j and 44.
4
Suppose 8*n - 423 = 345. Let g = -2 - -2. Suppose -v + 6 = -g. What is the greatest common divisor of n and v?
6
Let p = 1202 + -914. What is the greatest common factor of 224 and p?
32
Suppose -9*h + 95 - 95 = 0. Suppose -8*o + h = -56. Calculate the highest common factor of o and 133.
7
Let l be -5 + (-4 + (-8)/(-4))/(6/(-813)). What is the highest common divisor of l and 2261?
133
Let l be (450/4)/((-3)/(-2) - 1). Suppose 3*c - 4*f = 135, 18*f - 17*f + l = 5*c. Calculate the highest common divisor of 9 and c.
9
Suppose -369*c + 7496 = 2*d - 371*c, -7499 = -2*d - c. Calculate the highest common factor of d and 23.
23
Let g(q) = 3*q**3 + 257*q**2 - 89*q - 104. Let m be g(-86). Calculate the highest common divisor of m and 869.
11
Suppose -2*o = 4*f + o + 4, -18 = -f + 4*o. Let s(m) = m + f*m + 2 + m**2 + 0*m. Let c be s(-6). What is the greatest common divisor of 8 and c?
4
Let n(k) = k**3 - 8*k**2 + 15*k + 6. Let q be n(4). Suppose 4*w + 3 = q*l - 21, 2*l + 2*w - 18 = 0. What is the greatest common divisor of 320 and l?
10
Let a = 60 + -33. Suppose -3*r - u = -0*r - 236, 0 = -5*r - 4*u + 384. Let v = 83 - r. What is the greatest common factor of v and a?
3
Suppose 82939*n - 240 = 82931*n. Suppose -5*l + p = -3*p - 2530, -5*l + 2555 = p. What is the highest common factor of n and l?
30
Let s be (9/6)/(12/56). Let t be s + 1 - (14 + -10) - 3. Let v be (4 - t - -104) + (-2)/(-2). Calculate the highest common divisor of 12 and v.
12
Suppose 3693*v + 2*u - 2847 = 3692*v, -v + 2859 = 4*u. What is the greatest common divisor o